actors of u.
2
Suppose 2*x - 2*w = 2 + 6, 3*x - 5*w = 10. Let k(j) = j**3 - 4*j**2 - 3*j - 3. Let q be k(x). Suppose 3*f - q = 14. What are the prime factors of f?
7
Let a = 186 + 86. What are the prime factors of a?
2, 17
Let l(b) be the third derivative of -b**5/120 + 11*b**4/24 - b**3/3 + 3*b**2. Let f(w) be the first derivative of l(w). List the prime factors of f(7).
2
Suppose 0 = -3*b + b - 42. Let q = b + 50. List the prime factors of q.
29
Let w = -16 + 56. What are the prime factors of w?
2, 5
Let v be 3/(((-21)/2)/(-7)). Suppose -v*c + 19 = 87. Let s = -21 - c. What are the prime factors of s?
13
Let k(h) be the third derivative of h**4/3 - 2*h**3/3 + 3*h**2. What are the prime factors of k(3)?
2, 5
Let y(o) = -o - 5. Let v(a) = -4*a - 16. Let x(h) = 2*v(h) - 7*y(h). What are the prime factors of x(-6)?
3
Let x = 146 - 55. List the prime factors of x.
7, 13
List the prime factors of 5 + (-4)/(-8)*118.
2
Let m(u) = -7*u - 57. What are the prime factors of m(-27)?
2, 3, 11
Suppose s + 3*s - 488 = 0. Let d be 189/(-36)*(-24)/(-2). List the prime factors of s/14 + (-18)/d.
3
List the prime factors of 1606/9 + 16/(-36).
2, 89
Let r(l) = -l**2 - 6*l - 3. Let j be r(-6). Let u be 37 - (j - (-6 + 3)). Suppose 2*q = u + 3. List the prime factors of q.
2, 5
Let v(u) = u**3 - 3*u**2 - 2*u + 3. Let i be v(4). Let g = -1 - 2. Let y = i + g. List the prime factors of y.
2
Suppose 4*t - 2*f + 4 = 20, -2*t + 4*f = -20. Suppose t*g = -g + 57. What are the prime factors of g?
19
Suppose 3*t - t + 16 = 0. Let y(s) = s**2 + 7*s. List the prime factors of y(t).
2
Let g = 1 - 5. Let a be 30/24*(0 - g). Suppose 4*i + 63 = a*r + i, 4*i = -5*r + 56. List the prime factors of r.
2, 3
Suppose 3 = -3*q + 15. Suppose k = -3*x + 19, 2*x = 6*x - q. List the prime factors of k.
2
Let j = 9 + -4. What are the prime factors of (j + -2)/(3/13)?
13
Let z = 3 - 0. Let a(m) = 4*m**2 - 2*m - 5. List the prime factors of a(z).
5
Let i be 1 - 0/(-1 + -1). Let k = -8 + 17. What are the prime factors of k - -2 - 0/i?
11
Suppose 5*j = 4*m - 2*m + 511, -3*m - 200 = -2*j. List the prime factors of j.
103
Let x(p) = p**3 - 3*p**2 + 3*p. Let s be x(2). Suppose -s*l - 8 = -58. List the prime factors of l.
5
Let l = -10 + 8. Let h(p) = -3*p + 0 - 1 + 2. What are the prime factors of h(l)?
7
Let q be 8 - 3 - (4 + -1). Suppose 2*t - 5*t + q*b = -31, -5*t = -3*b - 50. What are the prime factors of t?
7
Suppose -2*l - 3*l + 5 = 0. Suppose l + 21 = g. List the prime factors of g.
2, 11
Let g = 81 + -38. List the prime factors of g.
43
Suppose -u = -2*u + 5. Let x(b) = b**3 - 3*b**2 - 3*b + 6. What are the prime factors of x(u)?
41
Let k(v) = 5*v**2 + 2*v - 1. Let s = 5 - 7. List the prime factors of k(s).
3, 5
Let o(l) = -8*l + 2. List the prime factors of o(-3).
2, 13
Let j(l) = 2*l - 10. Let w(q) = q**2 + 3. Let z be w(-4). Let h = z + -10. What are the prime factors of j(h)?
2
Suppose -16*q + 142 = -1682. List the prime factors of q.
2, 3, 19
Suppose 3*d = 6*d - 9. Suppose -r = -d*r + 8. List the prime factors of r.
2
Let c(r) = 3*r + 103. Let y(k) = -k - 34. Let g(o) = 6*c(o) + 17*y(o). List the prime factors of g(0).
2, 5
Let u(p) = -p + 10. What are the prime factors of u(-15)?
5
Let x(w) = w + 1. Let v(f) = f + 2. Let g(c) = -4*v(c) + 6*x(c). What are the prime factors of g(3)?
2
Let t(h) = -h - 2. What are the prime factors of t(-11)?
3
Let q be ((5 - 2) + -2)/1. Let x = q + -1. Suppose 3*i - h = -4*h + 27, -4*h - 4 = x. What are the prime factors of i?
2, 5
Suppose -m - 2 = -22. Let x be (5/(-3))/(2/12). Let n = x + m. List the prime factors of n.
2, 5
Let m(d) = -2*d**3 - 2*d**2 + d - 1. Let b be m(-2). Suppose -5*n + 0 + 15 = 0, b*u - 4*n - 13 = 0. Let k = 4 + u. List the prime factors of k.
3
Let r = 13 + -9. Suppose -36 = q - r*q. What are the prime factors of q?
2, 3
Let s be 1/(-2) + (-40)/(-16). Suppose 4*y - 29 = -c, -s*c - 3 = -3*y + c. What are the prime factors of y?
2, 3
List the prime factors of (12/9 + 2)/(5/135).
2, 3, 5
Suppose 0 = -4*z - 118 - 494. List the prime factors of z/(-12) + 3/12.
13
Suppose -5*h - 3 + 5 = 2*x, 0 = 3*h + 12. Suppose 5*a = -2*k - x, 0 = 3*k + 3*a - a. List the prime factors of (0 - k - -6) + 0.
2
Let t = 426 + -303. What are the prime factors of t?
3, 41
Let f = 91 - -21. List the prime factors of f.
2, 7
Let y = -33 - -52. Suppose -y = 4*i - 55. List the prime factors of i.
3
Let d(r) = 7*r - 3*r + 2*r - r - 11. List the prime factors of d(6).
19
Let q(t) = 2*t + 2. Let p be q(7). Let l = -13 + p. List the prime factors of l.
3
Suppose -5*c + 0*c - 75 = 0. List the prime factors of (-380)/c + (-4)/(-6).
2, 13
Let b(z) be the first derivative of -z**4/24 + 2*z**3 - z**2 + 2. Let j(c) be the second derivative of b(c). List the prime factors of j(6).
2, 3
Suppose 3*n = l - 21, 13 = -3*n - 2*l + 1. List the prime factors of ((-20)/n)/(1/6).
2, 5
Let f(a) = 2*a + 2*a**3 - 3*a**2 - a**3 - 5*a + 5. Suppose 21 - 1 = 5*s. List the prime factors of f(s).
3
Let b = 9 - 8. Let n = b - -31. List the prime factors of n.
2
Let o(k) = -1 - 1 + 0 - 6*k. What are the prime factors of o(-1)?
2
Let d(a) = a**3 - a**2 - 5*a + 2. Let g be d(3). Let p = 224 + -121. Suppose g*b - 3*l + 2*l = p, 5*b - 91 = -3*l. List the prime factors of b.
2, 5
Let k(y) = 42*y + 4. List the prime factors of k(1).
2, 23
Let r = 31 + -19. Let f be 6/4*(-64)/r. Let z(x) = x + 17. List the prime factors of z(f).
3
Let o = 4 - 4. Suppose -x + o + 5 = 0. List the prime factors of (162/45)/(2/x).
3
Suppose -5*o = 3 - 213. List the prime factors of o.
2, 3, 7
Suppose -2*l = -7*l - 45. Let r = l - -21. What are the prime factors of r?
2, 3
Let i = -21 + 23. Suppose -i*z = -0*z - 16. List the prime factors of z.
2
Let y = -31 - -53. List the prime factors of y.
2, 11
Let w(o) be the first derivative of -o**3/3 + 13*o**2/2 - 12*o - 9. List the prime factors of w(8).
2, 7
Suppose -4*h + 1 = -7. Suppose w + h*w = 0. Suppose -5*i + 19 + 6 = w. List the prime factors of i.
5
Suppose 0 = 4*d - 151 - 161. What are the prime factors of d?
2, 3, 13
Suppose -6 = 5*l - 26. Suppose 3 = -3*v + l*v. Suppose 2*j - v*j = -7. List the prime factors of j.
7
Let n(l) = 11*l**3 - 12*l**2 + 4*l - 3. Let b(i) = 0*i - 1 + 3*i - 4*i**2 + 4*i**3 - 2*i + 0*i. Let o(t) = -8*b(t) + 3*n(t). What are the prime factors of o(3)?
2
Suppose 421 = 3*o + 4*d, 151 = o + 8*d - 4*d. List the prime factors of o.
3, 5
Let y = 18 - 15. What are the prime factors of y?
3
Let m(s) = 2*s + 3*s - 3*s. Suppose -4*c + 15 = -c. List the prime factors of m(c).
2, 5
Let d = 15 + -7. Suppose -3*k - 45 = -d*k. List the prime factors of k.
3
Suppose 4*c - 5*c + 65 = -5*y, -c - 5*y = -85. What are the prime factors of c?
3, 5
Let f be 4/6 + 4/(-6). Suppose 8*x - 3*x - 30 = f. What are the prime factors of 3/6*x + -1?
2
Let t(k) = -39*k - 4. List the prime factors of t(-3).
113
Suppose 2*n = -5*g - 15, 0*n + n + 10 = -3*g. Let b = n + 0. List the prime factors of b.
5
Suppose 4*h - 11 = -k, 2*k + 3*k + 11 = 2*h. Suppose 4*j = h*j + 2. Suppose j = 4*m - 34. List the prime factors of m.
3
Suppose 2*g - 15 - 487 = 0. What are the prime factors of g?
251
Let h be 10/(0/(-1) - -1). Let k be 2*h*1 + 0. Suppose 6*m - k = m. List the prime factors of m.
2
Suppose -26 = y + 4*m - 0, -2*m = 5*y + 40. Let u be (-22)/y + 2/(-3). Suppose 2*g + n + 5 = 37, 2*n - 49 = -u*g. What are the prime factors of g?
3, 5
Let w be 1 - 3*(0 - -3). Let v = 12 + w. Let x = 6 - v. What are the prime factors of x?
2
List the prime factors of 99/6*-2*(0 + -1).
3, 11
Let n = 36 - 20. Let x = 39 - n. List the prime factors of x.
23
Let b be (4 - 2)/(0 - -2). Suppose 2*d + 12 = -2*d, -b = 2*x + d. List the prime factors of 4*3/(x - -5).
2
Suppose 165 = 5*d - 0*q - 5*q, 8 = -4*q. What are the prime factors of d?
31
Let s(x) = x**2 - x + 1. Let c be s(4). Let h = c + -4. List the prime factors of h.
3
Suppose 2*d + 4*v = 90 + 66, -5*v = -5*d + 375. Suppose -48 = -18*n + 15*n. Suppose 3*t = d - n. What are the prime factors of t?
2, 5
Let o(x) = 3*x**2 - 24*x + 10. List the prime factors of o(-8).
2, 197
Suppose 0 = 2*i - 2*x + x - 491, -4*i - 2*x + 1002 = 0. List the prime factors of i.
2, 31
List the prime factors of 0 + (2 - -2) - -158.
2, 3
Let l = 25 + -10. What are th